 of 198 and l.
18
Let v(h) = 13*h**3 - 7*h**2 + 22*h + 8. Let k be v(4). Calculate the highest common divisor of k and 51.
51
Suppose 3*v - 2*j + 697 = 0, -2*v - 211 = 2*j + 247. Let q = v - -435. What is the highest common factor of q and 12?
12
Let o be (11 + 1157/(-91))/((-2)/231). What is the greatest common factor of 154 and o?
22
Let v = -31 - -36. Suppose 0*s = -v*s + 95. What is the greatest common divisor of 133 and s?
19
Let w(f) = -2*f**2 + 3*f - 3. Let z be w(2). Suppose -5*d + 93 = -7. Let r be 1*z/(d/(-76)). What is the greatest common factor of 19 and r?
19
Let t be 6/(-27) - 110/(-9). Let w(s) = 46*s**2 + 14*s + 36. Let u be w(-2). What is the highest common factor of u and t?
12
Let n be (-6)/((-12)/64*-2). Let x(v) = -v**2 - 24*v - 40. Let z be x(n). What is the highest common divisor of 8 and z?
8
Suppose -17*z + 861 = 181. What is the greatest common divisor of 55 and z?
5
Let r(s) = -5*s - 7. Let t be r(-2). What is the highest common divisor of 8 and t?
1
Suppose -16 = -5*y - 0*o + 4*o, 0 = 5*o - 5. Suppose y*t = 314 + 330. Let h = 418 - 395. Calculate the greatest common factor of t and h.
23
Let i(w) = 3*w**2 - 2*w + 6. Let j(n) = n**3 + 4*n**2 + 4*n + 3. Let h be j(-2). Let b be i(h). What is the greatest common factor of b and 18?
9
Let u = 47 - 28. Let b be (u - 15) + (0 - 0). What is the highest common factor of 36 and b?
4
Suppose -21*m + 1045 = -2147. Calculate the highest common divisor of m and 44.
4
Let y(h) = 4*h**3 + 3*h**2 - 5*h - 3. Let x be y(-3). Let z = x - -174. Calculate the highest common factor of z and 21.
21
Suppose -3*p + u = -38, -5*u + 7*u - 12 = -2*p. What is the greatest common factor of p and 33?
11
Let y(p) = 3*p**3 + p**2 - 2*p. Let a be y(2). Suppose 5*b + 9*s - 10*s = 84, 5*b = 2*s + 88. What is the greatest common factor of a and b?
8
Let a = 566 - 290. Calculate the greatest common factor of 24 and a.
12
Suppose 2 = -i - 0*i, 2*a = -4*i + 200. Let r = -85 - -163. Let w = -52 + r. What is the highest common divisor of w and a?
26
Let k(w) = 3*w - 20. Let f be k(8). Suppose b + 5*c - 32 = 0, 4*c + c = f*b - 28. Calculate the greatest common divisor of b and 12.
12
Let l be -39*78/18*(1 + -3). Calculate the greatest common factor of l and 26.
26
Suppose 134*i = 130*i + 276. What is the greatest common divisor of 207 and i?
69
Suppose 2808 = 10*r - 4*r. Suppose 4*b = -4*a - r - 36, -5*a - 500 = 4*b. Let l = 192 + b. What is the highest common factor of l and 155?
31
Let t(h) = -h**2 + 10*h + 5. Let u be t(9). Let c = u + -13. Let y = 2 - c. Calculate the greatest common factor of 3 and y.
1
Suppose -4*s + 12 = -s. Suppose s*a + 7 = 23. Suppose 97 = -0*x + 3*x + a*m, 5*m - 95 = -3*x. What is the highest common divisor of x and 7?
7
Let l = 58 + -29. Suppose 4*n + 19 + l = o, -4*o + 5*n = -148. Calculate the highest common factor of o and 8.
8
Suppose 11*p - 321 - 212 = -5. Let k be ((-2)/(-3))/(4/18). Calculate the highest common factor of p and k.
3
Let h(i) = i - 8. Let w be h(7). Let j(q) = -13*q**3 + q**2 + 2*q + 1. Let a be j(w). Suppose 2*f + 3 = 133. Calculate the highest common factor of f and a.
13
Let n = -35 - -83. Suppose 2*i = -d + n, 4*d - 53 = 3*i + 95. Calculate the greatest common factor of d and 8.
8
Let j be ((-356)/(-6))/((-4)/(-18)*3). Let c = 166 - j. Calculate the highest common factor of c and 11.
11
Let i be (-5)/(-2)*(90/9 - 0). Calculate the highest common divisor of 20 and i.
5
Let n(s) = s - 1. Let q be n(4). Suppose -q*l + 5*l = 14. What is the highest common divisor of 35 and l?
7
Suppose 4*t - 420 = -t - 4*c, -2*c - 420 = -5*t. Calculate the highest common factor of t and 28.
28
Let g be 188/3 + 8/24. Let d = 135 - g. What is the greatest common divisor of d and 8?
8
Suppose 0 = -2*i - 2 + 18. Let l be (1*(3 - i))/((-3)/9). Calculate the highest common divisor of l and 10.
5
Suppose 5*d = 0, d = -b - b + 6. Suppose -164 = -p - 3*i, 2*i + 53 = b*p - 483. What is the greatest common factor of p and 8?
8
Suppose 2*v + 7 = 5*h, -3*v = -2*h + 2 + 3. Suppose 5 = -3*g - h, 3*d - 4*g - 152 = 0. Let t = -23 - -55. What is the greatest common factor of d and t?
16
Suppose 9*g = 6*g - 15. Let b be (488/10)/((-2)/g). Let x = b + -83. Calculate the greatest common divisor of x and 13.
13
Let z(v) = 9*v - 44. Let u be z(8). Calculate the greatest common factor of u and 28.
28
Let b = -6 + 9. Let v be 1*b/(3/31). Let d = -188 + 529. Calculate the greatest common divisor of v and d.
31
Suppose 5*u + 8 = -5*c + 3, 1 = -c. Suppose -6*a + 2*a - 4*d + 212 = u, 4*a - 230 = 2*d. What is the greatest common factor of a and 7?
7
Let y be (0 - 6/4)*6/(-9). Let w be (-3)/9 + ((-336)/(-9) - y). Calculate the greatest common factor of w and 6.
6
Suppose -3*g - 3*s + 147 = 2*g, -3*g = 5*s - 101. Calculate the highest common factor of 135 and g.
27
Suppose -3*t + 21 = 4*l, l - 4*l = -2*t - 3. Suppose -41*k = 17 + 9 - 67. What is the highest common divisor of t and k?
1
Let m be ((-12)/(-16))/((-3)/(-12)) + 740. Suppose -2*j - 361 = -2*r + 3*j, 0 = -4*r + 3*j + m. Calculate the greatest common divisor of 47 and r.
47
Let r = 40 + -36. Suppose 3*p = -1 + r. What is the greatest common factor of p and 2?
1
Suppose 2 + 1 = 3*g. Let d be ((-22)/(-6))/(g/39). Suppose 10*k = 3*k + 91. What is the greatest common factor of k and d?
13
Let w(c) = c + 21. Let i be w(-14). Let j be 38/4*i*8. Let z = j + -372. What is the greatest common divisor of 20 and z?
20
Let t = 191 + -169. What is the highest common factor of t and 990?
22
Suppose 5*f + d = 13, -4*d - 1 = 4*f - 7*d. Suppose v = 5 - f. Calculate the greatest common factor of v and 3.
3
Let s be (48 - 42)*(-104)/(-6). What is the highest common divisor of 2 and s?
2
Suppose -5*y + 19 = a, 4 = -y + 2*a - 1. Suppose 3*r + 3*f = 21, 4*f - 19 = -y*r - f. Calculate the greatest common factor of 24 and r.
8
Let s = -1497 + 1562. Calculate the highest common factor of 20 and s.
5
Let u = 92 + 43. Let f(h) = h + 37. Let g = -8 - 2. Let q be f(g). What is the highest common factor of u and q?
27
Suppose -30 = -4*h + 38. Suppose 2*t + 5*t = 119. What is the highest common divisor of t and h?
17
Suppose 122 = -5*g - 78. Let j(r) = -r**3 - 3*r**2 - 11*r - 19. Let u be j(-5). Let w = g + u. Calculate the greatest common divisor of 115 and w.
23
Suppose -17 - 288 = 5*i. Let o = 111 + i. Let b(p) = p**2 - 2*p - 4. Let q be b(6). What is the greatest common factor of q and o?
10
Let i be 3/(-6)*(0 - 4). Suppose -u + i = -3*p, -u - 3*p + 4 + 22 = 0. Calculate the greatest common factor of 2 and u.
2
Suppose 0 = -5*m - 2*u - 297, 0*m + u = m + 65. Let p be (-4)/(-6)*(m - -10). Let j be p/(-10) + 2/(-5). What is the greatest common divisor of j and 2?
1
Let i be (-2)/13 - 25714/(-169). Let h be (24/(-3) + 9)*1*8. Calculate the greatest common factor of i and h.
8
Let s = 6 + -3. Suppose 4*r = 2 - 14, s*j = r + 12. Let m be (j - 0)*60/9. Calculate the greatest common divisor of 180 and m.
20
Suppose -5*z + 13 = 5*w - 12, 0 = 5*w + z - 13. Let v be (-978)/(-66) - w/(-11). What is the greatest common factor of v and 120?
15
Let h = -23 + 55. Let y(w) = w**3 + 16*w**2 + 20*w + 17. Let s be y(-14). Let d = s - 1. Calculate the greatest common factor of h and d.
32
Suppose -11 - 79 = -3*j. What is the highest common divisor of j and 18?
6
Let z be -6 - (13151/(-6) + (-100)/(-120)). Calculate the greatest common divisor of 115 and z.
115
Let y(z) = -z + 4. Let r be y(-19). Suppose -a = -5*f + 3*a - 5, 4*a - r = -f. What is the highest common factor of 21 and f?
3
Suppose 0 = -29*h + 5286 + 1094. What is the highest common divisor of 55 and h?
55
Suppose -3*j = -63 + 15. What is the highest common divisor of j and 944?
16
Suppose -39 = 5*z - 89. What is the highest common factor of 20 and z?
10
Let i be 1/((-3)/(-228))*2. Let c(u) = 20*u**2 - 2*u + 1. Let f be c(1). What is the greatest common factor of i and f?
19
Suppose -4*v + 300 = -5*j, v + 38*j = 40*j + 78. Let m(w) = -w**2 + 4*w + 4. Let d be m(4). Let x = d + 6. What is the highest common divisor of v and x?
10
Let d be 51 + -17 - (-8)/1. What is the highest common factor of 231 and d?
21
Suppose -5*r = -260 + 30. Suppose 278 = 4*a - r. Calculate the greatest common factor of a and 9.
9
Let h be ((-92)/(-2))/